nder when 1349 is divided by p.
14
Let p(x) = 14*x - 237. Let n be p(22). Suppose 3*z - i - n - 508 = 0, -3*i + 772 = 4*z. Calculate the remainder when z is divided by 65.
63
Suppose -2*j + 191 = -3*h, -3*h + 2*j - 187 = -2*j. Let y = h - -188. Suppose -77 - 16 = -3*f. What is the remainder when y is divided by f?
30
Let c(y) = 15*y + 7. Let d(n) = -n**2 - 9*n - 4. Let g be d(-8). What is the remainder when c(g) is divided by (1/5*10)/((-4)/(-46))?
21
Suppose 5*k + 5*n - 17 - 13 = 0, -4*k - 2*n + 16 = 0. Suppose 0 = -k*z - 4*u + 106, 0 = -5*z - 4*u + 140 + 125. Calculate the remainder when z is divided by 28.
25
Let i(w) = 13*w - 76. Calculate the remainder when i(14) is divided by 60.
46
Let s = -28 - -30. Let z(g) = 9*g - 32. What is the remainder when (-12 - (0 + s))*(-3)/6 is divided by z(4)?
3
Suppose 2*w + 2*w - 12 = 0. Calculate the remainder when ((-4)/7)/(846/(-118440)) is divided by w.
2
Let h(o) be the second derivative of o**5/20 - 11*o**4/3 + 15*o**3/2 + 11*o**2 - 285*o. What is the remainder when h(43) is divided by 33?
9
Let h(q) = -42*q**2 + 3*q + 5. Let v be h(4). Let p = -22 + 37. What is the remainder when v/(-15) + (-4)/6 is divided by p?
13
Let o(x) be the third derivative of x**4/8 - 7*x**3/6 + x**2. Let z be 7 + -9 + (-6 - -16). What is the remainder when 33 is divided by o(z)?
16
Let w(b) = -b**3 + 17*b**2 - 15*b - 21. Let s be w(16). Let k = s - -48. Let d = k - 34. What is the remainder when d is divided by 6?
3
Let r = 7728 - 7261. What is the remainder when r is divided by (-1 + 68)*(-1)/(-1)?
65
Suppose -h = -159 - 175. Suppose 20*u - 58*u + 912 = 0. Calculate the remainder when h is divided by u.
22
Let g(j) = -j**3 + 4*j**2 + 8*j + 10. Let k be g(0). Suppose 5*v + k = 0, 7*m - 1 = 8*m + 3*v. Calculate the remainder when 64 is divided by m.
4
Let q(y) = -2*y**3 + y**2 - 3*y - 2. Let k be q(3). Let x = 12 - k. Suppose -4*a = -3*a - 10. Calculate the remainder when x is divided by a.
8
Let n(x) = -x**2 - 10*x - 14. Let f be n(-9). Let w(u) = 32*u + 173. Calculate the remainder when 128 is divided by w(f).
11
Let b = -140 - -198. Suppose -5*n = y - 54, -4*y - 2*n + 328 = b. Let a(c) = 21*c - 102. What is the remainder when y is divided by a(6)?
21
Let h = 77 - 77. Let n = -19 - h. Calculate the remainder when 112 is divided by n*3*8/(-24).
17
Let g = -151 - -154. Suppose -i + g*a + 24 = -a, -93 = -3*i + 5*a. Calculate the remainder when 36 is divided by i.
0
Suppose 0 = -4*y - h - 5, 5*y - 2*h + h + 4 = 0. What is the remainder when 224 is divided by -17 + 46 + 4*y?
24
Let z(v) = v**3 + 5*v**2 - 4*v - 5. Let a = 107 - 276. Let g = a - -177. What is the remainder when z(-5) is divided by g?
7
Suppose 0 = -98*z - 2993 + 14263. What is the remainder when 366 is divided by z?
21
Suppose 39*f - 89395 = -91*f + 35*f. What is the remainder when f is divided by 35?
31
Suppose 35 = 5*k + 95. Let d be (-4)/6 + (-92)/k. Calculate the remainder when 18 is divided by ((-7)/6)/(d/(-42)).
4
Let p = 104 + -92. Let i(g) = -g**2 + 14*g - 13. Let y be i(8). Suppose 5*z - q = 4*q + y, 5*q + 15 = z. What is the remainder when p is divided by z?
2
Suppose -2*d + 58 = y, -5*d + 1080 = 5*y + 930. Suppose 3*c - 13 = 2. What is the remainder when d is divided by c?
3
Calculate the remainder when 296/(-74)*(-1518)/12 is divided by 10.
6
Suppose -4*y = -r - 246 - 302, 2*y + 2652 = -5*r. Let q = r + 566. Calculate the remainder when 63 is divided by q.
29
Let f = -2116 - -2230. What is the remainder when 769 is divided by f?
85
Suppose -2*l - 3*n + 134 = -672, -2029 = -5*l - 4*n. What is the remainder when l is divided by 202?
5
Suppose 4*z + 670 = -2*v, 3*z + v + 369 = -135. Let o = z + 216. Calculate the remainder when o is divided by 3.
2
Let n(d) = 61*d**2 - 60*d**2 - 9*d - 33 - 3. Calculate the remainder when 65 is divided by n(-5).
31
Suppose -4*j = -5*f + 65, 4*j + f - 4*f + 63 = 0. Suppose -v + 0 - 1 = 0, -4*r = 3*v + 127. Let a = j - r. What is the remainder when 77 is divided by a?
13
Suppose 3*o - 4 = 2. Suppose o*s - 104 = 104. Suppose -5*v = 4*n - 183, -130*n + 132*n + 171 = 5*v. Calculate the remainder when s is divided by v.
34
Let d = -1449 - -1533. Calculate the remainder when 156 is divided by d.
72
Let r(k) = -34*k**2 - 2*k + 1860. Calculate the remainder when r(0) is divided by 144.
132
Let d = 7087 - 4929. Calculate the remainder when d is divided by 36.
34
Let i = 15 + 7. Let x = i - 11. Let n = -151 + 192. What is the remainder when n is divided by x?
8
Let w(q) = q**2 + 49*q + 710. What is the remainder when 300 is divided by w(-30)?
20
Let j = -19251 - -23352. Calculate the remainder when j is divided by 27.
24
Suppose w = -3*w + 12. Let o(s) = s**2 - 32*s + 9. What is the remainder when o(33) is divided by 12 + w/(-6)*2?
9
Let k = 45 + -10. Let a = k + -35. Calculate the remainder when 23 is divided by (-4)/(-2) - (a - 30)/5.
7
Let t(h) = -7*h**2 - 3*h + 1. Let i be t(2). Let r(k) be the first derivative of -k**2/2 + 27*k + 981. What is the remainder when 237 is divided by r(i)?
57
What is the remainder when 9 - (-1391 - (-20)/4) is divided by 6?
3
Let m = 48 - -2. Let q(r) = -2*r**2 - 20*r - 19. Let z(j) = j**3 + 4*j**2 + 6*j + 1. Let y be z(-3). What is the remainder when m is divided by q(y)?
11
Let h be (64/96)/(2*(-1)/3582). Calculate the remainder when (1 - h/4) + (-1)/2 is divided by 60.
59
Let l = -37158 - -37210. Calculate the remainder when 202 is divided by l.
46
Suppose -23*o = -21*o - 438. Let f = -173 + o. What is the remainder when 137 is divided by f?
45
Let i = -27980 + 32111. Calculate the remainder when i is divided by 23.
14
Let c = -182 + 264. Suppose -5*p + j = 489 - 1259, 0 = p + 5*j - 128. What is the remainder when p is divided by c?
71
Let t = 43637 + -42264. What is the remainder when t is divided by 450?
23
Suppose -4*x + 3*x - 4*v = -44, -4*v - 340 = -5*x. Let h(f) = 293*f - 1722. Calculate the remainder when x is divided by h(6).
28
Suppose -731 = 10*t - 861. What is the remainder when 55 is divided by t?
3
Let a = 218 + -62. Suppose -2*x = -2*v + a, -2*v + 78 = 5*x - 71. Suppose -v = -17*r + 10*r. What is the remainder when 38 is divided by r?
5
Suppose 0 = 2*r + 30 + 68. Suppose -4*x - 5*x = -603. Let u = r + x. Calculate the remainder when 35 is divided by u.
17
Suppose -2*z + 36 = 4*d, -2*d + 82 = 2*z + 3*z. Let r(t) = -7*t**2 + 18*t - 8. Let q be r(6). What is the remainder when z is divided by -5*(q/110 + 2/11)?
4
What is the remainder when ((-688665)/120)/(-31)*(-48)/(-6) is divided by 55?
51
Let t(k) = -k**2 + 6*k + 6. What is the remainder when 3/(966/308 - 3) is divided by t(6)?
4
Suppose -2*r = -19 - 73. Let i = r - 46. Suppose 2*y - 3*u = 18, 3*y - 3*u + i*u = 24. What is the remainder when 28 is divided by y?
4
Suppose l - 12 = -5*t, 4*t + 0*t + 2 = 5*l. Let c(o) = -l*o - 5 + 4 + 5 + 2*o**2 + 12*o. What is the remainder when c(-5) is divided by 1?
0
Let y = -7468 - -7556. What is the remainder when 313 is divided by y?
49
Suppose -3*q + 52 = q. Suppose y = -1 + q. Let s(z) = -120*z + 1101. What is the remainder when s(9) is divided by y?
9
Let z(k) = 1098*k + 4668. What is the remainder when z(-4) is divided by 95?
86
Let u be (-10)/(326/(-644) + (-6)/(-12)). Suppose u*v = 1609*v + 14. What is the remainder when (-4 - -2)/((-1)/13) is divided by v?
12
Let s = 7125 - 6216. Calculate the remainder when s is divided by 302.
3
Let a = 64 - 44. Let y(l) = -l**2 + 23*l - 35. What is the remainder when a is divided by y(21)?
6
Let b = 5 + 79. Suppose -13*z - 30*z = -989. What is the remainder when b is divided by z?
15
Let c(p) = -153*p + 9. Let h(r) = 4*r**2 + 12*r + 1. What is the remainder when c(-1) is divided by h(-5)?
39
Let t = -1919 - -3814. Calculate the remainder when t is divided by 12.
11
Calculate the remainder when 6/99 - (-86258)/66 is divided by 109.
108
Let i(u) = 371*u - 2189. What is the remainder when i(6) is divided by 23?
14
Let k(o) = 70 - 19*o + 0*o**2 - o**2 - 124. Let j(v) = 16*v - 9. What is the remainder when j(7) is divided by k(-10)?
31
Suppose 4*q = -3*x + 67, 2*q - 5*x = -2*x + 47. Calculate the remainder when 1935 is divided by q.
16
Let w(x) = -2*x**2 - 21*x + 39. Let j be w(-12). Let c(q) = 4*q**2 - 36*q + 120. What is the remainder when 430 is 